- 15*v. Calculate the highest common divisor of 15176 and m.
271
Suppose -85*q + 68000 = 40*q. Calculate the highest common factor of 34 and q.
34
Suppose -193230 = 50971*o - 50990*o. What is the highest common factor of 30 and o?
30
Let f be (-1230)/51 - 36/(-306). Let a be 3 + (-16)/8 - f. Calculate the greatest common divisor of a and 15.
5
Suppose 10*n - 38*n = -5*n - 10856. Calculate the greatest common factor of n and 32.
8
Let q be ((-18)/30)/(3/(-30)). Let i(g) = g**2 + 2*g - 30. Let f be i(q). What is the highest common factor of 144 and f?
18
Suppose a - 7 = 12. Let x be (-147)/9 - -17 - (-1022)/6. Calculate the highest common divisor of x and a.
19
Suppose j - 25*j + 192 = 0. Let w(v) be the second derivative of v**3/6 + 2*v**2 + 3*v. Let o be w(j). Calculate the highest common factor of 96 and o.
12
Let z = -17888 - -18754. What is the highest common factor of z and 4?
2
Suppose -4*k = -0*k + 5*p + 126, -3*p - 96 = 3*k. Let j be k/(-10)*12*(-135)/(-18). Calculate the highest common divisor of j and 136.
34
Suppose -2*b + 8 = 8. Let x(t) = t**2 + t + 5. Let w be x(b). Suppose -4*v + 3*v + 45 = 4*y, -135 = -3*v - y. What is the highest common divisor of v and w?
5
Let o = -394 + 604. Calculate the greatest common divisor of o and 245.
35
Let y = 857 + -508. Let m(r) = -r**3 - 12*r**2 + 13*r - 4. Let h be m(-14). Let x = y - h. What is the highest common divisor of 13 and x?
13
Suppose 60 = 13*b - 3*b. Suppose -b*z = -15*z + 342. What is the highest common divisor of z and 19?
19
Let v be 25/10 - (-1)/(-2). Suppose -k - k = v*n - 28, 2*n + 105 = 5*k. Let h = k - -25. Calculate the highest common divisor of h and 484.
44
Let y(z) = 83*z - 806. Let q be y(10). Calculate the highest common factor of 648 and q.
24
Suppose -1278 = -10*j + 1722. What is the highest common factor of 96 and j?
12
Suppose 23*b = 3403 + 1542. Calculate the highest common factor of b and 5.
5
Let c = 96 - 269. Let q = c + 305. What is the greatest common factor of q and 99?
33
Suppose 3*v = l - 5*l - 16, 0 = -5*v + 2*l + 8. Let c be 56/16*(-6)/(-84)*12. Suppose 624 = c*d - v*d. Calculate the highest common factor of d and 16.
16
Let i(u) = -12*u + 9. Let x(z) = 4*z - 3. Let f(p) = 2*i(p) + 7*x(p). Let h be f(5). Calculate the highest common divisor of 238 and h.
17
Let l = 2851 - 2787. Calculate the greatest common divisor of 2752 and l.
64
Suppose 3*v = f + 5 - 26, v = 4*f - 117. Suppose f*r = 27*r + 462. Let u(l) = 5*l - 6. Let b be u(4). Calculate the greatest common divisor of r and b.
14
Let i(l) = -21 + l - 14*l + 7*l + 7*l. Let q be i(29). Calculate the greatest common factor of q and 392.
8
Let z be -1 + -4 + 4 + 51. Let m(f) = -f**3 - 58*f**2 + 59*f + 4. Let j be m(-59). What is the greatest common factor of z and j?
2
Let r be 0 - 1/((-2)/288). Suppose u - 8 = -5. Suppose u = -i - 4*v, -16*i + 11*i - 5*v + 30 = 0. Calculate the greatest common divisor of i and r.
9
Let i(s) = -s**3 + 52*s**2 + 66*s - 274. Let w be i(53). Suppose y = -p + 2*p + 84, y - 5*p = 88. Calculate the greatest common factor of y and w.
83
Let p(h) = -7*h**3 - 2*h**2 + 3*h + 6. Let k be p(-3). Suppose -4*f = -0 - k. Calculate the greatest common factor of f and 24.
6
Let r be 4718/49 + (-3)/(84/(-20)). What is the greatest common factor of 19303 and r?
97
Suppose 6*g + 136 = 1354. Suppose v - 123 = -116. What is the greatest common divisor of v and g?
7
Let n(u) = -u**3 - 9*u**2 - 12*u - 25. Let q be n(-8). Let r be -7 - (30*-7)/q. Let m = -25 + 117. What is the highest common divisor of m and r?
23
Let c(j) = 2*j**2 - 106*j + 1169. Let f be c(6). Suppose 0 = -2*l - 5*g + 130, -2*l + 3*l - 3*g = 43. Calculate the highest common divisor of f and l.
55
Let g = -65 + 128. Let v(x) = -109*x + 868. Let t be v(7). What is the greatest common factor of t and g?
21
Suppose 0 = -z + 2*y + 262, -7*y + 2 = -6*y. Calculate the greatest common divisor of z and 399.
133
Let r = -4 + -13. Let n(i) = 2*i**2 + 34*i. Let q be n(r). Let w(y) = y**3 + y**2 + y + 24. Let b be w(q). What is the highest common factor of 96 and b?
24
Let l(f) = 5*f - 4. Let n be l(2). Suppose n*q - 4 = 2. Suppose 3*d - 23 = q. Calculate the greatest common divisor of d and 20.
4
Let i = 4509 - 4325. Calculate the greatest common divisor of 322 and i.
46
Let l(b) = 37*b**2 - 21*b + 26. Let m be l(-10). Calculate the greatest common factor of m and 123.
123
Suppose -161 + 7337 = 3*g. Calculate the greatest common factor of 208 and g.
104
Let x be (-336)/(-20)*(160/48 + 10). Suppose -2*a + 0*m - m = -316, 3*a = -4*m + 464. Calculate the greatest common factor of a and x.
32
Suppose -5*c - h + 1298 = -3749, -4*c = -5*h - 3997. Suppose 4*d = -0*d + 252. Calculate the greatest common divisor of c and d.
63
Suppose -13*l - 565 = 709. Let o = l - -245. Calculate the greatest common divisor of o and 63.
21
Let c(i) = 19*i + 31. Let m be c(12). Let z = m - 181. What is the highest common factor of 104 and z?
26
Let t(o) = 4*o**2 + 16*o + 21. Let i be t(7). Calculate the greatest common factor of i and 423.
47
Let z(a) = a**3 - 14*a**2 - 14*a - 2. Let k be z(15). Suppose 1 = -p + k. Calculate the greatest common factor of 84 and p.
12
Suppose j + 4*k - 55 = 0, -80 = -3*j - 4*k + 9*k. Suppose j*h - 228 = 31*h. Calculate the highest common divisor of h and 171.
57
Suppose -628 + 98 = -37*u - 69*u. Calculate the greatest common divisor of 13 and u.
1
Suppose -17375 = -4*u + 3*q, 501*u - 497*u = -5*q + 17399. Calculate the highest common divisor of u and 106.
106
Suppose 46*q - 120*q + 49*q + 750 = 0. Let m(d) = 5 - 3*d + d - d**2 + 3*d. Let i be m(0). Calculate the highest common divisor of i and q.
5
Let v(d) = 3*d + 9. Let b be v(9). Suppose 41 = -7*f - b. Let y be f/((-4)/(1 + 1) - -1). Calculate the greatest common divisor of y and 2.
1
Let f(x) = x + 56. Let v = 697 + -686. Let i be f(v). Calculate the greatest common factor of i and 536.
67
Let h(z) = z**3 - 25*z**2 - 27*z + 77. Let b be h(26). Calculate the greatest common divisor of b and 731.
17
Suppose -16358 = 19*x - 60058. What is the highest common divisor of x and 80?
20
Let n be (-120)/(-55) + (8/11)/(-4). Suppose 5*z - 150 = 5*i, -n*i + 13 = z - 23. Calculate the highest common divisor of z and 2.
2
Let r be ((-2520)/(-200) + -13)*(-420)/2. What is the highest common divisor of 2388 and r?
12
Let k be -1 + -26*((-8)/16 - 2). Let j = 89 - 37. Let n = j - 20. Calculate the greatest common factor of n and k.
32
Let i = -14890 + 18754. Calculate the greatest common divisor of 672 and i.
168
Let t be (-516)/9*504/(-112) - (2 + -9). What is the greatest common divisor of 245 and t?
5
Suppose 0 = -2*r - 2, -3*i + 334 = -r + 81. Calculate the highest common divisor of i and 69.
3
Let p(c) = 2*c**2 + 40*c - 82. Let j be p(-29). Suppose 2*x = m - 44, -2*m + 3*m = -3*x + 34. What is the highest common divisor of j and m?
40
Let g be (3 - -1) + (-2 - 5/5). Let i = 10 + -16. Let z be (-2 + g + 0)*i. Calculate the greatest common divisor of z and 30.
6
Let j(t) = -4*t + 84. Let x be j(19). Suppose 5*c + 270 = x*c. Let r be 75/4 + (-33)/44. What is the greatest common divisor of r and c?
18
Suppose 44*g - 95 = -7. Let k be 0 + (-104)/g*-3. Calculate the greatest common factor of k and 104.
52
Let w = -40 + 82. Suppose -69*c = 182*c + 25*c - 278208. What is the greatest common factor of w and c?
42
Let b be 26/20*-168 - (-12)/30. Let h be 10/(-35) + b*(-2)/7. Suppose -g = -4*c + 84, -3*c - 2*g = -3*g - h. Calculate the greatest common divisor of c and 33.
11
Suppose 5*n + 9 = 5*m - 6, 0 = -3*m + 3. Let i(x) = -x**3 + 4*x**2 + 5*x + 5. Let u be i(n). Calculate the highest common factor of u and 76.
19
Suppose 71*f = 97*f - 468. Let k(b) be the first derivative of b**3/3 - 8*b**2 + 9*b - 2. Let v be k(f). Calculate the greatest common factor of v and 18.
9
Let j(c) = 17*c + 143. Let g be j(-6). Suppose 7*w - g = -20. What is the greatest common divisor of w and 48?
3
Let s(c) = -3*c**3 + 15*c**2 + 44*c - 36. Let v be s(-3). Calculate the greatest common divisor of 1836 and v.
12
Suppose -2*u + 23 = -3*v + 2*u, 4*u = 5*v + 25. Let g be (-3 + v*31/(-6))*6. Calculate the highest common divisor of g and 104.
13
Suppose 11*r - 34*r + 2875 = 0. Suppose 4*k - 5*w - r = 0, k + k - 59 = -w